f 2304 and 50419296.
288
What is the highest common factor of 3052759 and 703?
37
What is the highest common divisor of 131761 and 13181?
49
Calculate the greatest common factor of 14397263 and 445.
89
Calculate the highest common factor of 4996996 and 219.
73
What is the greatest common factor of 9996696 and 324?
324
Calculate the highest common divisor of 315392 and 228736.
128
What is the greatest common factor of 442035856 and 16?
16
What is the highest common divisor of 165888 and 20817?
81
What is the greatest common divisor of 1121 and 306660?
19
Calculate the highest common divisor of 12623 and 374672973.
971
Calculate the highest common factor of 255223492 and 4946.
4946
What is the highest common divisor of 12104004 and 84788?
2068
What is the highest common divisor of 17448420 and 2640?
660
Calculate the greatest common divisor of 6579622 and 51842.
98
What is the greatest common factor of 291 and 223554057?
291
What is the highest common factor of 125855910 and 3140?
1570
What is the highest common factor of 2150222 and 124?
62
What is the greatest common factor of 24 and 3096296?
8
Calculate the highest common factor of 654 and 1449549798.
654
Calculate the greatest common factor of 456 and 34006314.
114
What is the highest common factor of 2606736 and 917664?
528
Calculate the highest common factor of 36290799 and 1179.
1179
What is the greatest common divisor of 151335199 and 87968?
2749
What is the highest common divisor of 54325 and 9696350?
1325
Calculate the highest common factor of 320 and 1750820.
20
What is the highest common divisor of 12088 and 140956657?
1511
What is the highest common divisor of 6571417 and 5777?
53
What is the highest common divisor of 20 and 2153552260?
20
Calculate the highest common factor of 879 and 20784248.
293
Calculate the highest common factor of 13 and 109171621.
13
What is the greatest common factor of 100005 and 971235?
1695
What is the highest common divisor of 18 and 6119898?
6
Calculate the highest common factor of 1250 and 72090.
10
Calculate the greatest common factor of 1168269157 and 2266.
1133
Calculate the greatest common divisor of 1202 and 26154919.
601
What is the greatest common factor of 84335 and 27977?
101
Calculate the highest common divisor of 1028775 and 976575.
2175
What is the greatest common factor of 48397662 and 179?
179
Calculate the greatest common factor of 8314887 and 357.
357
What is the greatest common factor of 5069 and 1662358?
137
Calculate the greatest common divisor of 14073293 and 49413.
2353
Calculate the highest common divisor of 666656 and 36079744.
8032
Calculate the greatest common factor of 5070132 and 684.
36
Calculate the highest common factor of 287 and 2156710290.
287
Calculate the highest common factor of 113074 and 8164.
26
Calculate the greatest common factor of 336791 and 27573.
91
Calculate the highest common divisor of 1411 and 3895482.
17
What is the greatest common divisor of 927248 and 646?
34
Calculate the highest common divisor of 89501315 and 4105.
4105
Calculate the highest common factor of 2660 and 33632158.
14
Calculate the greatest common divisor of 31351 and 169274.
107
What is the greatest common divisor of 13737471 and 10989?
1221
What is the greatest common divisor of 3111 and 43877?
17
Calculate the greatest common factor of 1229 and 80385203.
1229
Calculate the greatest common divisor of 8621902 and 395.
79
Calculate the greatest common factor of 228406563 and 3465.
693
What is the highest common divisor of 5520330 and 4814?
166
What is the greatest common factor of 3469011 and 52?
13
Calculate the highest common divisor of 98 and 1513121862.
98
Calculate the highest common factor of 12917097 and 459.
27
What is the greatest common factor of 100936 and 3470008?
296
What is the highest common factor of 67980 and 23980?
220
Calculate the highest common divisor of 422804655 and 1911.
273
What is the greatest common divisor of 191799642 and 570?
114
Calculate the greatest common factor of 2873 and 1317017.
169
What is the greatest common factor of 13196084 and 7088?
1772
Calculate the greatest common factor of 12 and 94946556.
12
What is the greatest common factor of 38232690 and 195?
15
What is the greatest common divisor of 943125 and 600?
75
What is the greatest common factor of 2326818 and 621?
69
What is the greatest common factor of 459246 and 282?
6
Calculate the greatest common factor of 1417 and 25291270.
109
Calculate the highest common divisor of 3904 and 177040.
16
Calculate the greatest common divisor of 448301 and 560462.
343
What is the greatest common factor of 6280 and 23285?
5
What is the highest common divisor of 53470 and 117000?
10
What is the highest common factor of 16776140 and 80?
20
What is the highest common divisor of 14444 and 60?
4
What is the highest common factor of 482082 and 3489?
3
Calculate the greatest common divisor of 186 and 149729163.
93
Calculate the highest common factor of 144687143 and 1661.
151
Calculate the greatest common factor of 1674579960 and 10320.
5160
What is the highest common divisor of 20 and 9064800?
20
Calculate the greatest common factor of 123 and 136762224.
123
Calculate the highest common factor of 10591236 and 33363.
3033
Calculate the highest common divisor of 5460 and 187932.
12
What is the greatest common divisor of 4903376 and 688?
688
Calculate the highest common factor of 1944 and 3920832.
216
Calculate the greatest common divisor of 550 and 249857575.
275
Calculate the highest common divisor of 263640 and 14628120.
1560
Calculate the greatest common divisor of 4156794 and 279.
9
Calculate the greatest common factor of 7050 and 990225.
75
What is the greatest common divisor of 1760 and 5839760?
80
Calculate the greatest common divisor of 347787 and 240055.
1171
Calculate the highest common factor of 87393 and 366.
3
Calculate the highest common divisor of 13489 and 6079603.
41
Calculate the highest common divisor of 45376664 and 472.
472
Calculate the highest common divisor of 4 and 12450626.
2
Calculate the highest common factor of 168408 and 180348.
12
Calculate the greatest common factor of 351030181 and 232.
29
Calculate the greatest common divisor of 36798696 and 137643.
3201
What is the highest common factor of 27 and 225344619?
27
Calculate the greatest common factor of 5831344 and 3376.
16
What is the greatest common divisor of 2634 and 64653286?
878
Calculate the greatest common divisor of 2967 and 121117068.
129
Calculate the highest common divisor of 14349218 and 403.
403
What is the greatest common divisor of 403124 and 3988977?
3251
What is the greatest common divisor of 1141708765 and 2945?
2945
Calculate the greatest common factor of 18 and 5098284.
18
Calculate the greatest common factor of 570 and 4414980.
30
What is the highest common divisor of 5623396 and 52972?
2788
What is the greatest common factor of 722 and 17144251?
361
Calculate the greatest common divisor of 30081 and 98013.
111
What is the highest common factor of 1668 and 98727?
3
What is the highest common factor of 44 and 24928772?
44
Calculate the highest common factor of 51791 and 20971.
67
Calculate the highest common divisor of 3 and 27313071.
3
What is the highest common factor of 10 and 35265?
5
Calculate the highest common factor of 7587 and 40419.
27
What is the highest common divisor of 3682 and 282058?
14
What is the highest common divisor of 319153 and 624697?
439
What is the greatest common divisor of 23228 and 48368?
4
Calculate the highest common factor of 273 and 21252672.
21
Calculate the greatest common divisor of 2172 and 7123979.
181
What is the greatest common divisor of 2525831 and 12474?
77
Calculate the greatest common factor of 40067 and 537969.
103
What is the highest common divisor of 152836342 and 8588?
4294
Calculate the highest common divisor of 205226 and 24717.
749
What is the highest common divisor of 140 and 37891420?
140
Calculate the greatest common divisor of 13300766 and 340.
34
Calculate the greatest common divisor of 550 and 170175.
25
Calculate the highest common divisor of 378 and 60746.
14
Calculate the highest common factor of 54 and 696437586.
18
Calculate the highest common divisor of 2106 and 122434.
26
What is the greatest 